{"id":192,"date":"2024-12-08T19:16:23","date_gmt":"2024-12-08T19:16:23","guid":{"rendered":"https:\/\/nsvisitacion.archimadrid.es\/?page_id=192"},"modified":"2025-11-02T10:16:54","modified_gmt":"2025-11-02T10:16:54","slug":"curso-prematrimonial","status":"publish","type":"page","link":"https:\/\/nsvisitacion.archimadrid.es\/index.php\/curso-prematrimonial\/","title":{"rendered":"Curso Prematrimonial"},"content":{"rendered":"\n<p>Las fechas para cursos prematrimoniales presenciales son:<\/p>\n\n\n\n<p>Os comunicamos que, por causas ajenas a nuestra voluntad, se han suspendido los Cursos Prematrimoniales del fin de semana del 25 y 26 de octubre de este a\u00f1o. A continuaci\u00f3n os informamos de las fechas programadas para el presente curso.<\/p>\n\n\n\n<p>&#8211; 8 y 9 de noviembre 2025<br>&#8211; 28 de febrero y 1 de marzo 2026<br>&#8211; 20 y 21 de junio 2026<\/p>\n\n\n\n<p>El procedimiento es el siguiente:<\/p>\n\n\n\n<ul class=\"wp-block-list\">\n<li>Enviar un correo electr\u00f3nico a la Parroquia solicitando realizar el curso (<a href=\"mailto:nsvisitacion@archimadrid.es\">nsvisitacion@archimadrid.es<\/a>), adjuntando al mismo la ficha de inscripci\u00f3n cumplimentada, que pod\u00e9is descargar desde&nbsp;<a href=\"https:\/\/nsvisitacion.archimadrid.es\/wp-content\/uploads\/2025\/01\/6OK-SOLICITUD-CURSOS-PREMATRIMONIALES_b-2-1.pdf\">aqu\u00ed<\/a>. Una vez recibida la solicitud se confirmar\u00e1 la plaza e informar\u00e1 sobre el desarrollo del curso.<\/li>\n<\/ul>\n\n\n\n<details class=\"wp-block-details is-layout-flow wp-block-details-is-layout-flow\"><summary>\u00bfQu\u00e9 es?<\/summary>\n<p>El curso prematrimonial es una formaci\u00f3n que tiene como objetivo explicar y preparar a las parejas que van a recibir el Sacramento del matrimonio. A trav\u00e9s de discusiones y charlas de contenido cristiano, se tratan temas como el significado del matrimonio cat\u00f3lico, el amor cristiano, la psicolog\u00eda masculina y femenina, la vida en pareja, la paternidad responsable o c\u00f3mo administrar el hogar.<\/p>\n<\/details>\n\n\n\n<details class=\"wp-block-details is-layout-flow wp-block-details-is-layout-flow\"><summary>\u00bfC\u00f3mo funciona?<\/summary>\n<p>El Curso en nuestra Parroquia es \u201cintensivo\u201d, se hace en un solo fin de semana (s\u00e1bado y domingo de 9:30 a 19:00 h, los dos d\u00edas)&nbsp;y se recibe el Certificado necesario para el Expediente Matrimonial.&nbsp;Con objeto de facilitar a los novios su asistencia y, puesto que consideramos que estos cursillos son una buena oportunidad de acercamiento a Cristo y a su Iglesia.<\/p>\n\n\n\n<p>Los Cursos son muy numerosos. Como hay mucha demanda y el espacio es limitado, el m\u00e1ximo que admitimos son 45 parejas de novios en cada Curso. Cuando se llena uno, ya remitimos al siguiente.<\/p>\n<\/details>\n\n\n\n<details class=\"wp-block-details is-layout-flow wp-block-details-is-layout-flow\"><summary>\u00bfQu\u00e9 es?<\/summary>\n<p>El curso prematrimonial es una formaci\u00f3n que tiene como objetivo explicar y preparar a las parejas que van a recibir el Sacramento del matrimonio. A trav\u00e9s de discusiones y charlas de contenido cristiano, se tratan temas como el significado del matrimonio cat\u00f3lico, el amor cristiano, la psicolog\u00eda masculina y femenina, la vida en pareja, la paternidad responsable o c\u00f3mo administrar el hogar.<\/p>\n<\/details>\n\n\n\n<p><\/p>\n","protected":false},"excerpt":{"rendered":"<p>Las fechas para cursos prematrimoniales presenciales son: Os comunicamos que, por causas ajenas a nuestra voluntad, se han<\/p>\n","protected":false},"author":1,"featured_media":0,"parent":0,"menu_order":0,"comment_status":"closed","ping_status":"closed","template":"","meta":{"_kadence_starter_templates_imported_post":false,"footnotes":""},"class_list":["post-192","page","type-page","status-publish","hentry"],"yoast_head":"<!-- This site is optimized with the Yoast SEO plugin v25.8 - https:\/\/yoast.com\/wordpress\/plugins\/seo\/ -->\n<title>Curso Prematrimonial - Parroquia Nuestra Se\u00f1ora de la Visitaci\u00f3n<\/title>\n<meta name=\"robots\" content=\"index, follow, max-snippet:-1, max-image-preview:large, max-video-preview:-1\" \/>\n<link rel=\"canonical\" href=\"https:\/\/nsvisitacion.archimadrid.es\/index.php\/curso-prematrimonial\/\" \/>\n<meta property=\"og:locale\" content=\"es_ES\" \/>\n<meta property=\"og:type\" content=\"article\" \/>\n<meta property=\"og:title\" content=\"Curso Prematrimonial - Parroquia Nuestra Se\u00f1ora de la Visitaci\u00f3n\" \/>\n<meta property=\"og:description\" content=\"Las fechas para cursos prematrimoniales presenciales son: Os comunicamos que, por causas ajenas a nuestra voluntad, se han\" \/>\n<meta property=\"og:url\" content=\"https:\/\/nsvisitacion.archimadrid.es\/index.php\/curso-prematrimonial\/\" \/>\n<meta property=\"og:site_name\" content=\"Parroquia Nuestra Se\u00f1ora de la Visitaci\u00f3n\" \/>\n<meta property=\"article:modified_time\" content=\"2025-11-02T10:16:54+00:00\" \/>\n<meta name=\"twitter:card\" content=\"summary_large_image\" \/>\n<meta name=\"twitter:label1\" content=\"Tiempo de lectura\" \/>\n\t<meta name=\"twitter:data1\" content=\"2 minutos\" \/>\n<script type=\"application\/ld+json\" class=\"yoast-schema-graph\">{\"@context\":\"https:\/\/schema.org\",\"@graph\":[{\"@type\":\"WebPage\",\"@id\":\"https:\/\/nsvisitacion.archimadrid.es\/index.php\/curso-prematrimonial\/\",\"url\":\"https:\/\/nsvisitacion.archimadrid.es\/index.php\/curso-prematrimonial\/\",\"name\":\"Curso Prematrimonial - Parroquia Nuestra Se\u00f1ora de la Visitaci\u00f3n\",\"isPartOf\":{\"@id\":\"https:\/\/nsvisitacion.archimadrid.es\/#website\"},\"datePublished\":\"2024-12-08T19:16:23+00:00\",\"dateModified\":\"2025-11-02T10:16:54+00:00\",\"breadcrumb\":{\"@id\":\"https:\/\/nsvisitacion.archimadrid.es\/index.php\/curso-prematrimonial\/#breadcrumb\"},\"inLanguage\":\"es\",\"potentialAction\":[{\"@type\":\"ReadAction\",\"target\":[\"https:\/\/nsvisitacion.archimadrid.es\/index.php\/curso-prematrimonial\/\"]}]},{\"@type\":\"BreadcrumbList\",\"@id\":\"https:\/\/nsvisitacion.archimadrid.es\/index.php\/curso-prematrimonial\/#breadcrumb\",\"itemListElement\":[{\"@type\":\"ListItem\",\"position\":1,\"name\":\"Portada\",\"item\":\"https:\/\/nsvisitacion.archimadrid.es\/\"},{\"@type\":\"ListItem\",\"position\":2,\"name\":\"Curso Prematrimonial\"}]},{\"@type\":\"WebSite\",\"@id\":\"https:\/\/nsvisitacion.archimadrid.es\/#website\",\"url\":\"https:\/\/nsvisitacion.archimadrid.es\/\",\"name\":\"Parroquia Nuestra Se\u00f1ora de la Visitaci\u00f3n\",\"description\":\"\",\"potentialAction\":[{\"@type\":\"SearchAction\",\"target\":{\"@type\":\"EntryPoint\",\"urlTemplate\":\"https:\/\/nsvisitacion.archimadrid.es\/?s={search_term_string}\"},\"query-input\":{\"@type\":\"PropertyValueSpecification\",\"valueRequired\":true,\"valueName\":\"search_term_string\"}}],\"inLanguage\":\"es\"}]}<\/script>\n<!-- \/ Yoast SEO plugin. -->","yoast_head_json":{"title":"Curso Prematrimonial - Parroquia Nuestra Se\u00f1ora de la Visitaci\u00f3n","robots":{"index":"index","follow":"follow","max-snippet":"max-snippet:-1","max-image-preview":"max-image-preview:large","max-video-preview":"max-video-preview:-1"},"canonical":"https:\/\/nsvisitacion.archimadrid.es\/index.php\/curso-prematrimonial\/","og_locale":"es_ES","og_type":"article","og_title":"Curso Prematrimonial - Parroquia Nuestra Se\u00f1ora de la Visitaci\u00f3n","og_description":"Las fechas para cursos prematrimoniales presenciales son: Os comunicamos que, por causas ajenas a nuestra voluntad, se han","og_url":"https:\/\/nsvisitacion.archimadrid.es\/index.php\/curso-prematrimonial\/","og_site_name":"Parroquia Nuestra Se\u00f1ora de la Visitaci\u00f3n","article_modified_time":"2025-11-02T10:16:54+00:00","twitter_card":"summary_large_image","twitter_misc":{"Tiempo de lectura":"2 minutos"},"schema":{"@context":"https:\/\/schema.org","@graph":[{"@type":"WebPage","@id":"https:\/\/nsvisitacion.archimadrid.es\/index.php\/curso-prematrimonial\/","url":"https:\/\/nsvisitacion.archimadrid.es\/index.php\/curso-prematrimonial\/","name":"Curso Prematrimonial - Parroquia Nuestra Se\u00f1ora de la Visitaci\u00f3n","isPartOf":{"@id":"https:\/\/nsvisitacion.archimadrid.es\/#website"},"datePublished":"2024-12-08T19:16:23+00:00","dateModified":"2025-11-02T10:16:54+00:00","breadcrumb":{"@id":"https:\/\/nsvisitacion.archimadrid.es\/index.php\/curso-prematrimonial\/#breadcrumb"},"inLanguage":"es","potentialAction":[{"@type":"ReadAction","target":["https:\/\/nsvisitacion.archimadrid.es\/index.php\/curso-prematrimonial\/"]}]},{"@type":"BreadcrumbList","@id":"https:\/\/nsvisitacion.archimadrid.es\/index.php\/curso-prematrimonial\/#breadcrumb","itemListElement":[{"@type":"ListItem","position":1,"name":"Portada","item":"https:\/\/nsvisitacion.archimadrid.es\/"},{"@type":"ListItem","position":2,"name":"Curso Prematrimonial"}]},{"@type":"WebSite","@id":"https:\/\/nsvisitacion.archimadrid.es\/#website","url":"https:\/\/nsvisitacion.archimadrid.es\/","name":"Parroquia Nuestra Se\u00f1ora de la Visitaci\u00f3n","description":"","potentialAction":[{"@type":"SearchAction","target":{"@type":"EntryPoint","urlTemplate":"https:\/\/nsvisitacion.archimadrid.es\/?s={search_term_string}"},"query-input":{"@type":"PropertyValueSpecification","valueRequired":true,"valueName":"search_term_string"}}],"inLanguage":"es"}]}},"_links":{"self":[{"href":"https:\/\/nsvisitacion.archimadrid.es\/index.php\/wp-json\/wp\/v2\/pages\/192","targetHints":{"allow":["GET"]}}],"collection":[{"href":"https:\/\/nsvisitacion.archimadrid.es\/index.php\/wp-json\/wp\/v2\/pages"}],"about":[{"href":"https:\/\/nsvisitacion.archimadrid.es\/index.php\/wp-json\/wp\/v2\/types\/page"}],"author":[{"embeddable":true,"href":"https:\/\/nsvisitacion.archimadrid.es\/index.php\/wp-json\/wp\/v2\/users\/1"}],"replies":[{"embeddable":true,"href":"https:\/\/nsvisitacion.archimadrid.es\/index.php\/wp-json\/wp\/v2\/comments?post=192"}],"version-history":[{"count":9,"href":"https:\/\/nsvisitacion.archimadrid.es\/index.php\/wp-json\/wp\/v2\/pages\/192\/revisions"}],"predecessor-version":[{"id":430,"href":"https:\/\/nsvisitacion.archimadrid.es\/index.php\/wp-json\/wp\/v2\/pages\/192\/revisions\/430"}],"wp:attachment":[{"href":"https:\/\/nsvisitacion.archimadrid.es\/index.php\/wp-json\/wp\/v2\/media?parent=192"}],"curies":[{"name":"wp","href":"https:\/\/api.w.org\/{rel}","templated":true}]}}