{"id":310,"date":"2025-04-05T06:44:47","date_gmt":"2025-04-05T06:44:47","guid":{"rendered":"https:\/\/nsvisitacion.archimadrid.es\/?page_id=310"},"modified":"2025-04-05T06:46:57","modified_gmt":"2025-04-05T06:46:57","slug":"cof-reina-de-las-familias","status":"publish","type":"page","link":"https:\/\/nsvisitacion.archimadrid.es\/index.php\/cof-reina-de-las-familias\/","title":{"rendered":"COF\u00a0 \u00abREINA DE LAS FAMILIAS\u00bb"},"content":{"rendered":"\n<p><strong>Parroquia Nuestra Se\u00f1ora de la Visitaci\u00f3n, en Las Rozas, Madrid<\/strong><\/p>\n\n\n\n<div class=\"wp-block-media-text is-stacked-on-mobile\"><figure class=\"wp-block-media-text__media\"><img loading=\"lazy\" decoding=\"async\" width=\"362\" height=\"106\" src=\"https:\/\/nsvisitacion.archimadrid.es\/wp-content\/uploads\/2025\/04\/logo-cofnoroeste-e1528968810690.png\" alt=\"\" class=\"wp-image-312 size-full\" srcset=\"https:\/\/nsvisitacion.archimadrid.es\/wp-content\/uploads\/2025\/04\/logo-cofnoroeste-e1528968810690.png 362w, https:\/\/nsvisitacion.archimadrid.es\/wp-content\/uploads\/2025\/04\/logo-cofnoroeste-e1528968810690-300x88.png 300w\" sizes=\"auto, (max-width: 362px) 100vw, 362px\" \/><\/figure><div class=\"wp-block-media-text__content\">\n<p><\/p>\n\n\n\n<figure class=\"wp-block-image size-full\"><img loading=\"lazy\" decoding=\"async\" width=\"474\" height=\"315\" src=\"https:\/\/nsvisitacion.archimadrid.es\/wp-content\/uploads\/2025\/04\/familiascof.jpeg\" alt=\"\" class=\"wp-image-311\" srcset=\"https:\/\/nsvisitacion.archimadrid.es\/wp-content\/uploads\/2025\/04\/familiascof.jpeg 474w, https:\/\/nsvisitacion.archimadrid.es\/wp-content\/uploads\/2025\/04\/familiascof-300x199.jpeg 300w\" sizes=\"auto, (max-width: 474px) 100vw, 474px\" \/><\/figure>\n<\/div><\/div>\n\n\n\n<p><em>\u201cLa iglesia considera el servicio a la familia como una de sus tareas esenciales\u201d<\/em><\/p>\n\n\n\n<p>\u00abJuan Pablo II\u201d<\/p>\n\n\n\n<p>El COF \u201cReina de las Familias\u00bb Es un servicio especializado de atenci\u00f3n integral a la familia en todas sus fases y dimensiones.<\/p>\n\n\n\n<p>Pone a disposici\u00f3n de las familias un equipo multidisciplinar que les ayudar\u00e1 a mejorar las relaciones en la familia y les dotar\u00e1 de los recursos y herramientas necesarias para que aprendan a solucionar los problemas por s\u00ed mismos ahora y en el futuro.<\/p>\n\n\n\n<p>CONTACTO:\u00a0<a href=\"mailto:secretaria@cofreinadelasfamilias.es\" target=\"_blank\" rel=\"noreferrer noopener\">secretaria@cofreinadelasfamilias.es<\/a><\/p>\n","protected":false},"excerpt":{"rendered":"<p>Parroquia Nuestra Se\u00f1ora de la Visitaci\u00f3n, en Las Rozas, Madrid \u201cLa iglesia considera el servicio a la familia<\/p>\n","protected":false},"author":1,"featured_media":0,"parent":0,"menu_order":0,"comment_status":"closed","ping_status":"closed","template":"","meta":{"_kadence_starter_templates_imported_post":false,"footnotes":""},"class_list":["post-310","page","type-page","status-publish","hentry"],"yoast_head":"<!-- This site is optimized with the Yoast SEO plugin v25.8 - https:\/\/yoast.com\/wordpress\/plugins\/seo\/ -->\n<title>COF\u00a0 &quot;REINA DE LAS FAMILIAS&quot; - Parroquia Nuestra Se\u00f1ora de la Visitaci\u00f3n<\/title>\n<meta name=\"robots\" content=\"index, follow, max-snippet:-1, max-image-preview:large, max-video-preview:-1\" \/>\n<link rel=\"canonical\" href=\"https:\/\/nsvisitacion.archimadrid.es\/index.php\/cof-reina-de-las-familias\/\" \/>\n<meta property=\"og:locale\" content=\"es_ES\" \/>\n<meta property=\"og:type\" content=\"article\" \/>\n<meta property=\"og:title\" content=\"COF\u00a0 &quot;REINA DE LAS FAMILIAS&quot; - Parroquia Nuestra Se\u00f1ora de la Visitaci\u00f3n\" \/>\n<meta property=\"og:description\" content=\"Parroquia Nuestra Se\u00f1ora de la Visitaci\u00f3n, en Las Rozas, Madrid \u201cLa iglesia considera el servicio a la familia\" \/>\n<meta property=\"og:url\" content=\"https:\/\/nsvisitacion.archimadrid.es\/index.php\/cof-reina-de-las-familias\/\" \/>\n<meta property=\"og:site_name\" content=\"Parroquia Nuestra Se\u00f1ora de la Visitaci\u00f3n\" \/>\n<meta property=\"article:modified_time\" content=\"2025-04-05T06:46:57+00:00\" \/>\n<meta property=\"og:image\" content=\"https:\/\/nsvisitacion.archimadrid.es\/wp-content\/uploads\/2025\/04\/logo-cofnoroeste-e1528968810690.png\" \/>\n\t<meta property=\"og:image:width\" content=\"362\" \/>\n\t<meta property=\"og:image:height\" content=\"106\" \/>\n\t<meta property=\"og:image:type\" content=\"image\/png\" \/>\n<meta name=\"twitter:card\" content=\"summary_large_image\" \/>\n<meta name=\"twitter:label1\" content=\"Tiempo de lectura\" \/>\n\t<meta name=\"twitter:data1\" content=\"1 minuto\" \/>\n<script type=\"application\/ld+json\" class=\"yoast-schema-graph\">{\"@context\":\"https:\/\/schema.org\",\"@graph\":[{\"@type\":\"WebPage\",\"@id\":\"https:\/\/nsvisitacion.archimadrid.es\/index.php\/cof-reina-de-las-familias\/\",\"url\":\"https:\/\/nsvisitacion.archimadrid.es\/index.php\/cof-reina-de-las-familias\/\",\"name\":\"COF\u00a0 \\\"REINA DE LAS FAMILIAS\\\" - Parroquia Nuestra Se\u00f1ora de la Visitaci\u00f3n\",\"isPartOf\":{\"@id\":\"https:\/\/nsvisitacion.archimadrid.es\/#website\"},\"primaryImageOfPage\":{\"@id\":\"https:\/\/nsvisitacion.archimadrid.es\/index.php\/cof-reina-de-las-familias\/#primaryimage\"},\"image\":{\"@id\":\"https:\/\/nsvisitacion.archimadrid.es\/index.php\/cof-reina-de-las-familias\/#primaryimage\"},\"thumbnailUrl\":\"https:\/\/nsvisitacion.archimadrid.es\/wp-content\/uploads\/2025\/04\/logo-cofnoroeste-e1528968810690.png\",\"datePublished\":\"2025-04-05T06:44:47+00:00\",\"dateModified\":\"2025-04-05T06:46:57+00:00\",\"breadcrumb\":{\"@id\":\"https:\/\/nsvisitacion.archimadrid.es\/index.php\/cof-reina-de-las-familias\/#breadcrumb\"},\"inLanguage\":\"es\",\"potentialAction\":[{\"@type\":\"ReadAction\",\"target\":[\"https:\/\/nsvisitacion.archimadrid.es\/index.php\/cof-reina-de-las-familias\/\"]}]},{\"@type\":\"ImageObject\",\"inLanguage\":\"es\",\"@id\":\"https:\/\/nsvisitacion.archimadrid.es\/index.php\/cof-reina-de-las-familias\/#primaryimage\",\"url\":\"https:\/\/nsvisitacion.archimadrid.es\/wp-content\/uploads\/2025\/04\/logo-cofnoroeste-e1528968810690.png\",\"contentUrl\":\"https:\/\/nsvisitacion.archimadrid.es\/wp-content\/uploads\/2025\/04\/logo-cofnoroeste-e1528968810690.png\",\"width\":362,\"height\":106},{\"@type\":\"BreadcrumbList\",\"@id\":\"https:\/\/nsvisitacion.archimadrid.es\/index.php\/cof-reina-de-las-familias\/#breadcrumb\",\"itemListElement\":[{\"@type\":\"ListItem\",\"position\":1,\"name\":\"Portada\",\"item\":\"https:\/\/nsvisitacion.archimadrid.es\/\"},{\"@type\":\"ListItem\",\"position\":2,\"name\":\"COF\u00a0 \u00abREINA DE LAS FAMILIAS\u00bb\"}]},{\"@type\":\"WebSite\",\"@id\":\"https:\/\/nsvisitacion.archimadrid.es\/#website\",\"url\":\"https:\/\/nsvisitacion.archimadrid.es\/\",\"name\":\"Parroquia Nuestra Se\u00f1ora de la Visitaci\u00f3n\",\"description\":\"\",\"potentialAction\":[{\"@type\":\"SearchAction\",\"target\":{\"@type\":\"EntryPoint\",\"urlTemplate\":\"https:\/\/nsvisitacion.archimadrid.es\/?s={search_term_string}\"},\"query-input\":{\"@type\":\"PropertyValueSpecification\",\"valueRequired\":true,\"valueName\":\"search_term_string\"}}],\"inLanguage\":\"es\"}]}<\/script>\n<!-- \/ Yoast SEO plugin. -->","yoast_head_json":{"title":"COF\u00a0 \"REINA DE LAS FAMILIAS\" - Parroquia Nuestra Se\u00f1ora de la Visitaci\u00f3n","robots":{"index":"index","follow":"follow","max-snippet":"max-snippet:-1","max-image-preview":"max-image-preview:large","max-video-preview":"max-video-preview:-1"},"canonical":"https:\/\/nsvisitacion.archimadrid.es\/index.php\/cof-reina-de-las-familias\/","og_locale":"es_ES","og_type":"article","og_title":"COF\u00a0 \"REINA DE LAS FAMILIAS\" - Parroquia Nuestra Se\u00f1ora de la Visitaci\u00f3n","og_description":"Parroquia Nuestra Se\u00f1ora de la Visitaci\u00f3n, en Las Rozas, Madrid \u201cLa iglesia considera el servicio a la familia","og_url":"https:\/\/nsvisitacion.archimadrid.es\/index.php\/cof-reina-de-las-familias\/","og_site_name":"Parroquia Nuestra Se\u00f1ora de la Visitaci\u00f3n","article_modified_time":"2025-04-05T06:46:57+00:00","og_image":[{"width":362,"height":106,"url":"https:\/\/nsvisitacion.archimadrid.es\/wp-content\/uploads\/2025\/04\/logo-cofnoroeste-e1528968810690.png","type":"image\/png"}],"twitter_card":"summary_large_image","twitter_misc":{"Tiempo de lectura":"1 minuto"},"schema":{"@context":"https:\/\/schema.org","@graph":[{"@type":"WebPage","@id":"https:\/\/nsvisitacion.archimadrid.es\/index.php\/cof-reina-de-las-familias\/","url":"https:\/\/nsvisitacion.archimadrid.es\/index.php\/cof-reina-de-las-familias\/","name":"COF\u00a0 \"REINA DE LAS FAMILIAS\" - Parroquia Nuestra Se\u00f1ora de la Visitaci\u00f3n","isPartOf":{"@id":"https:\/\/nsvisitacion.archimadrid.es\/#website"},"primaryImageOfPage":{"@id":"https:\/\/nsvisitacion.archimadrid.es\/index.php\/cof-reina-de-las-familias\/#primaryimage"},"image":{"@id":"https:\/\/nsvisitacion.archimadrid.es\/index.php\/cof-reina-de-las-familias\/#primaryimage"},"thumbnailUrl":"https:\/\/nsvisitacion.archimadrid.es\/wp-content\/uploads\/2025\/04\/logo-cofnoroeste-e1528968810690.png","datePublished":"2025-04-05T06:44:47+00:00","dateModified":"2025-04-05T06:46:57+00:00","breadcrumb":{"@id":"https:\/\/nsvisitacion.archimadrid.es\/index.php\/cof-reina-de-las-familias\/#breadcrumb"},"inLanguage":"es","potentialAction":[{"@type":"ReadAction","target":["https:\/\/nsvisitacion.archimadrid.es\/index.php\/cof-reina-de-las-familias\/"]}]},{"@type":"ImageObject","inLanguage":"es","@id":"https:\/\/nsvisitacion.archimadrid.es\/index.php\/cof-reina-de-las-familias\/#primaryimage","url":"https:\/\/nsvisitacion.archimadrid.es\/wp-content\/uploads\/2025\/04\/logo-cofnoroeste-e1528968810690.png","contentUrl":"https:\/\/nsvisitacion.archimadrid.es\/wp-content\/uploads\/2025\/04\/logo-cofnoroeste-e1528968810690.png","width":362,"height":106},{"@type":"BreadcrumbList","@id":"https:\/\/nsvisitacion.archimadrid.es\/index.php\/cof-reina-de-las-familias\/#breadcrumb","itemListElement":[{"@type":"ListItem","position":1,"name":"Portada","item":"https:\/\/nsvisitacion.archimadrid.es\/"},{"@type":"ListItem","position":2,"name":"COF\u00a0 \u00abREINA DE LAS FAMILIAS\u00bb"}]},{"@type":"WebSite","@id":"https:\/\/nsvisitacion.archimadrid.es\/#website","url":"https:\/\/nsvisitacion.archimadrid.es\/","name":"Parroquia Nuestra Se\u00f1ora de la Visitaci\u00f3n","description":"","potentialAction":[{"@type":"SearchAction","target":{"@type":"EntryPoint","urlTemplate":"https:\/\/nsvisitacion.archimadrid.es\/?s={search_term_string}"},"query-input":{"@type":"PropertyValueSpecification","valueRequired":true,"valueName":"search_term_string"}}],"inLanguage":"es"}]}},"_links":{"self":[{"href":"https:\/\/nsvisitacion.archimadrid.es\/index.php\/wp-json\/wp\/v2\/pages\/310","targetHints":{"allow":["GET"]}}],"collection":[{"href":"https:\/\/nsvisitacion.archimadrid.es\/index.php\/wp-json\/wp\/v2\/pages"}],"about":[{"href":"https:\/\/nsvisitacion.archimadrid.es\/index.php\/wp-json\/wp\/v2\/types\/page"}],"author":[{"embeddable":true,"href":"https:\/\/nsvisitacion.archimadrid.es\/index.php\/wp-json\/wp\/v2\/users\/1"}],"replies":[{"embeddable":true,"href":"https:\/\/nsvisitacion.archimadrid.es\/index.php\/wp-json\/wp\/v2\/comments?post=310"}],"version-history":[{"count":2,"href":"https:\/\/nsvisitacion.archimadrid.es\/index.php\/wp-json\/wp\/v2\/pages\/310\/revisions"}],"predecessor-version":[{"id":315,"href":"https:\/\/nsvisitacion.archimadrid.es\/index.php\/wp-json\/wp\/v2\/pages\/310\/revisions\/315"}],"wp:attachment":[{"href":"https:\/\/nsvisitacion.archimadrid.es\/index.php\/wp-json\/wp\/v2\/media?parent=310"}],"curies":[{"name":"wp","href":"https:\/\/api.w.org\/{rel}","templated":true}]}}